{"id":8163,"date":"2023-06-19T09:38:43","date_gmt":"2023-06-19T07:38:43","guid":{"rendered":"https:\/\/trueprojekte.com\/foto\/?page_id=8163"},"modified":"2023-06-22T17:26:45","modified_gmt":"2023-06-22T15:26:45","slug":"fotografie_fortgeschrittene","status":"publish","type":"page","link":"https:\/\/trueprojekte.com\/foto\/fotografie_fortgeschrittene\/","title":{"rendered":"Fotografie f\u00fcr Fortgeschrittene"},"content":{"rendered":"<div>\n<p style=\"text-align: center;\"><span style=\"font-size: 12pt;\">Bildgestaltung f\u00fcr Fortgeschrittene entstand aus Bildern im Fundus von True Photo f\u00fcr den Fotoclub Baar Inwil (<a href=\"https:\/\/www.fotoclub-fobi.ch\/\" target=\"_blank\" rel=\"noopener\">FOBI<\/a>)<\/span><\/p>\n<p style=\"text-align: center;\"><span style=\"font-size: 12pt;\">Lichtgestaltung f\u00fcr Fortgeschrittene:<br \/>\nRiesendank an Darleen Pfister vom\u00a0<a href=\"https:\/\/generationentandem.ch\/\" target=\"_blank\" rel=\"noopener\">Generationentandem<\/a>, sehr begabt als Model und Kritikerin;<br \/>\nDaniel Br\u00e4ndli, dem bekannten Fotografen <a href=\"https:\/\/danbrandlee.ch\/\" target=\"_blank\" rel=\"noopener\">danbrandlee.ch \u00a0 <\/a>der die die Situationsbilder machte<br \/>\nsowie dem <a href=\"https:\/\/generationentandem.ch\/\" target=\"_blank\" rel=\"noopener\">Generationentandem\u00a0<\/a>\u00a0f\u00fcr Raum und Lampen<\/span><\/p>\n<\/div>\n<p style=\"text-align: center;\"><a href=\"https:\/\/trueprojekte.com\/foto\/themen\" rel=\"noopener\"><img loading=\"lazy\" decoding=\"async\" class=\"alignleft wp-image-7469\" src=\"https:\/\/trueprojekte.com\/foto\/wp-content\/uploads\/retour.png\" alt=\"\" width=\"85\" height=\"31\" \/><\/a><img loading=\"lazy\" decoding=\"async\" class=\"wp-image-7418 aligncenter\" src=\"https:\/\/trueprojekte.com\/foto\/wp-content\/uploads\/oben-2-1-1.png\" alt=\"\" width=\"72\" height=\"28\" \/><\/p>\n<style id=\"bwg-style-0\">    #bwg_container1_0 #bwg_container2_0 .bwg-container-0.bwg-album-thumbnails {    width: 2504px;    justify-content: center;            justify-content: center;        margin:0 auto !important;          background-color: rgba(0, 0, 0, 0.00);          padding-left: 4px;      padding-top: 4px;      max-width: 100%;          }        #bwg_container1_0 #bwg_container2_0 .bwg-container-0.bwg-album-thumbnails .bwg-item {    justify-content: flex-start;    max-width: 500px;        }    #bwg_container1_0 #bwg_container2_0 .bwg-container-0.bwg-album-thumbnails .bwg-item a {      margin-right: 4px;      margin-bottom: 4px;    }    #bwg_container1_0 #bwg_container2_0 .bwg-container-0.bwg-album-thumbnails .bwg-item0 {      padding: 0px;            background-color:rgba(0,0,0, 0.00);      border: 0px none #CCCCCC;      opacity: 1.00;      border-radius: 0;      box-shadow: 0px 0px 0px #888888;    }    #bwg_container1_0 #bwg_container2_0 .bwg-container-0.bwg-album-thumbnails .bwg-item1 img {      max-height: none;      max-width: none;      padding: 0 !important;    }          @media only screen and (min-width: 480px) {      #bwg_container1_0 #bwg_container2_0 .bwg-container-0.bwg-album-thumbnails .bwg-item1 img {      -webkit-transition: all .3s; transition: all .3s;      }      #bwg_container1_0 #bwg_container2_0 .bwg-container-0.bwg-album-thumbnails .bwg-item1 img:hover {        -ms-transform: scale(1.08);        -webkit-transform: scale(1.08);        transform: scale(1.08);      }            }          #bwg_container1_0 #bwg_container2_0 .bwg-container-0.bwg-album-thumbnails .bwg-item1 {      padding-top: 76%;    }        #bwg_container1_0 #bwg_container2_0 .bwg-container-0.bwg-album-thumbnails .bwg-title2 {      color: #FFFFFF;      font-family: arial;      font-size: 12px;      font-weight: bold;      padding: 2px;      text-shadow: 0px 0px 0px #888888;      max-height: 100%;    }        #bwg_container1_0 #bwg_container2_0 .bwg-container-0.bwg-standard-thumbnails {      width: 1254px;              justify-content: center;        margin:0 auto !important;              background-color: rgba(0, 0, 0, 0.00);            padding-left: 4px;      padding-top: 4px;      max-width: 100%;            }        #bwg_container1_0 #bwg_container2_0 .bwg-container-0.bwg-standard-thumbnails .bwg-item {    justify-content: flex-start;      max-width: 250px;          }    #bwg_container1_0 #bwg_container2_0 .bwg-container-0.bwg-standard-thumbnails .bwg-item a {       margin-right: 4px;       margin-bottom: 4px;    }    #bwg_container1_0 #bwg_container2_0 .bwg-container-0.bwg-standard-thumbnails .bwg-item0 {      padding: 0px;            background-color:rgba(0,0,0, 0.00);      border: 0px none #CCCCCC;      opacity: 1.00;      border-radius: 0;      box-shadow: 0px 0px 0px #888888;    }    #bwg_container1_0 #bwg_container2_0 .bwg-container-0.bwg-standard-thumbnails .bwg-item1 img {      max-height: none;      max-width: none;      padding: 0 !important;    }        @media only screen and (min-width: 480px) {      #bwg_container1_0 #bwg_container2_0 .bwg-container-0.bwg-standard-thumbnails .bwg-item0 {        transition: all 0.3s ease 0s;-webkit-transition: all 0.3s ease 0s;      }      #bwg_container1_0 #bwg_container2_0 .bwg-container-0.bwg-standard-thumbnails .bwg-item0:hover {        -ms-transform: scale(1.1);        -webkit-transform: scale(1.1);        transform: scale(1.1);      }    }          #bwg_container1_0 #bwg_container2_0 .bwg-container-0.bwg-standard-thumbnails .bwg-item1 {      padding-top: 56%;    }        #bwg_container1_0 #bwg_container2_0 .bwg-container-0.bwg-standard-thumbnails .bwg-title2,    #bwg_container1_0 #bwg_container2_0 .bwg-container-0.bwg-standard-thumbnails .bwg-ecommerce2 {      color: #FFFFFF;      font-family: arial;      font-size: 12px;      font-weight: bold;      padding: 2px;      text-shadow: 0px 0px 0px #888888;      max-height: 100%;    }    #bwg_container1_0 #bwg_container2_0 .bwg-container-0.bwg-standard-thumbnails .bwg-thumb-description span {    color: #FFFFFF;    font-family: arial;    font-size: 6px;    max-height: 100%;    word-wrap: break-word;    }    #bwg_container1_0 #bwg_container2_0 .bwg-container-0.bwg-standard-thumbnails .bwg-play-icon2 {      font-size: 24px;    }    #bwg_container1_0 #bwg_container2_0 .bwg-container-0.bwg-standard-thumbnails .bwg-ecommerce2 {      font-size: 14.4px;      color: #FFFFFF;    }    <\/style>    <div id=\"bwg_container1_0\"         class=\"bwg_container bwg_thumbnail bwg_album_compact_preview bwg_thumbnail\"         data-right-click-protection=\"1\"         data-bwg=\"0\"         data-scroll=\"0\"         data-gallery-type=\"album_compact_preview\"         data-gallery-view-type=\"thumbnail\"         data-current-url=\"\/foto\/wp-json\/wp\/v2\/pages\/8163\"         data-lightbox-url=\"https:\/\/trueprojekte.com\/foto\/wp-admin\/admin-ajax.php?action=GalleryBox&#038;current_view=0&#038;gallery_id=0&#038;tag=0&#038;theme_id=2&#038;shortcode_id=728&#038;sort_by=alt&#038;order_by=asc&#038;current_url=%2Ffoto%2Fwp-json%2Fwp%2Fv2%2Fpages%2F8163\"         data-gallery-id=\"0\"         data-popup-width=\"800\"         data-popup-height=\"500\"         data-is-album=\"album\"         data-buttons-position=\"bottom\">      <div id=\"bwg_container2_0\">             <div id=\"ajax_loading_0\" class=\"bwg_loading_div_1\">      <div class=\"bwg_loading_div_2\">        <div class=\"bwg_loading_div_3\">          <div id=\"loading_div_0\" class=\"bwg_spider_ajax_loading\">          <\/div>        <\/div>      <\/div>    <\/div>            <form id=\"gal_front_form_0\"              class=\"bwg-hidden\"              method=\"post\"              action=\"#\"              data-current=\"0\"              data-shortcode-id=\"728\"              data-gallery-type=\"album_compact_preview\"              data-gallery-id=\"0\"              data-tag=\"0\"              data-album-id=\"40\"              data-theme-id=\"2\"              data-ajax-url=\"https:\/\/trueprojekte.com\/foto\/wp-admin\/admin-ajax.php?action=bwg_frontend_data\">          <div id=\"bwg_container3_0\" class=\"bwg-background bwg-background-0\">            <style>        #bwg_container1_0 #bwg_container2_0 .bwg_gal_title_0 {          display: block;          padding: 0 2px 2px 2px;          background-color: rgba(0, 0, 0, 0);          line-height: 20px;          font-family: arial;          font-size: 12px;          font-weight: bold;          color: #FFFFFF;          text-shadow: 0px 0px 0px #888888;          text-align: center;        }        #bwg_container1_0 #bwg_container2_0 .bwg_gal_description_0 {          margin: 20px 0;          word-break: break-word;          text-align: justify;          font-size: 9px;          font-weight: unset;        }        <\/style>        <div class=\"bwg_gal_title_0\">Fotografie f\u00fcr Fortgeschrittene<\/div>            <div data-max-count=\"5\"         data-thumbnail-width=\"500\"         data-bwg=\"0\"         id=\"bwg_album_compact_0\"         class=\"bwg-thumbnails bwg-container bwg-container-0 bwg-album-thumbnails bwg_album_thumbnails_0\">              <div class=\"bwg-item\">          <a class=\"bwg-a bwg-album bwg_album_0\"             href='\/foto\/wp-json\/wp\/v2\/pages\/8163?type_0=gallery&#038;album_gallery_id_0=345'                          data-container_id=\"bwg_album_compact_0\"             data-def_type=\"gallery\"             data-album_gallery_id=\"40\"             data-alb_gal_id=\"345\"             data-title=\"Bildgestaltung Handout\"             data-bwg=\"0\">                        <div class=\"bwg-item0 lazy_loader\">              <div class=\"bwg-item1 \">                <div class=\"bwg-item2\">                  <img decoding=\"async\" class=\"skip-lazy  bwg_lazyload \"                       data-width=\"500.00\"                       data-height=\"280.00\"                       data-src=\"https:\/\/trueprojekte.com\/foto\/wp-content\/uploads\/photo-gallery\/Bildgestaltung_Handout\/thumb\/212-004-Abend-Bildgestaltung-8.jpg?bwg=1686563698\"                       src=\"https:\/\/trueprojekte.com\/foto\/wp-content\/plugins\/photo-gallery\/images\/lazy_placeholder.gif\"                       alt=\"Bildgestaltung Handout\"                       title=\"Bildgestaltung Handout\" \/>                <\/div>                <div class=\"\">                                  <\/div>              <\/div>            <\/div>            <div class=\"bwg-title1\"><div class=\"bwg-title2\">Bildgestaltung Handout<\/div><\/div>          <\/a>        <\/div>                <div class=\"bwg-item\">          <a class=\"bwg-a bwg-album bwg_album_0\"             href='\/foto\/wp-json\/wp\/v2\/pages\/8163?type_0=gallery&#038;album_gallery_id_0=347'                          data-container_id=\"bwg_album_compact_0\"             data-def_type=\"gallery\"             data-album_gallery_id=\"40\"             data-alb_gal_id=\"347\"             data-title=\"Lichtgestaltung Portr\u00e4t\"             data-bwg=\"0\">                        <div class=\"bwg-item0 lazy_loader\">              <div class=\"bwg-item1 \">                <div class=\"bwg-item2\">                  <img decoding=\"async\" class=\"skip-lazy  bwg_lazyload \"                       data-width=\"491.00\"                       data-height=\"500.00\"                       data-src=\"https:\/\/trueprojekte.com\/foto\/wp-content\/uploads\/photo-gallery\/Lichtgestaltung_Portraet\/thumb\/114-Lichtgestaltung.jpg?bwg=1687158783\"                       src=\"https:\/\/trueprojekte.com\/foto\/wp-content\/plugins\/photo-gallery\/images\/lazy_placeholder.gif\"                       alt=\"Lichtgestaltung Portr\u00e4t\"                       title=\"Lichtgestaltung Portr\u00e4t\" \/>                <\/div>                <div class=\"\">                                  <\/div>              <\/div>            <\/div>            <div class=\"bwg-title1\"><div class=\"bwg-title2\">Lichtgestaltung Portr\u00e4t<\/div><\/div>          <\/a>        <\/div>            <\/div>          <input type=\"hidden\" id=\"bwg_album_breadcrumb_0\" name=\"bwg_album_breadcrumb_0\" value='[{&quot;id&quot;:&quot;40&quot;,&quot;page&quot;:1}]' \/>              <\/div>        <\/form>        <style>          #bwg_container1_0 #bwg_container2_0 #spider_popup_overlay_0 {          background-color: #000000;          opacity: 0.60;          }          <\/style>        <div id=\"bwg_spider_popup_loading_0\" class=\"bwg_spider_popup_loading\"><\/div>        <div id=\"spider_popup_overlay_0\" class=\"spider_popup_overlay\" onclick=\"spider_destroypopup(1000)\"><\/div>        <input type=\"hidden\" id=\"bwg_random_seed_0\" value=\"1826415017\">                <\/div>    <\/div>    <script>      if (document.readyState === 'complete') {        if( typeof bwg_main_ready == 'function' ) {          if ( jQuery(\"#bwg_container1_0\").height() ) {            bwg_main_ready(jQuery(\"#bwg_container1_0\"));          }        }      } else {        document.addEventListener('DOMContentLoaded', function() {          if( typeof bwg_main_ready == 'function' ) {            if ( jQuery(\"#bwg_container1_0\").height() ) {             bwg_main_ready(jQuery(\"#bwg_container1_0\"));            }          }        });      }    <\/script>    \n<p style=\"text-align: center;\">[wpdatatable id=1 table_view=regular]<\/p>\n<p style=\"text-align: center;\"><a href=\"https:\/\/trueprojekte.com\/foto\/anleitung\/\" target=\"_blank\" rel=\"noopener noreferrer\">Anleitung Gebrauch Gallery<\/a>\u00a0\u00a0<a href=\"https:\/\/trueprojekte.com\/foto\/shop\/Bilder-f%C3%BCr-elektronische-Ger%C3%A4te-und-Druck-c26456401\" target=\"_blank\" rel=\"noopener\">Bild bestellen im Shop <\/a>\u00a0oder via \u00a0\u00a0<a href=\"https:\/\/trueprojekte.com\/foto\/soll-ich-sie-kontaktieren\/\" target=\"_blank\" rel=\"noopener\">Kontakt<\/a>\u00a0\u00a0<a href=\"https:\/\/trueprojekte.com\/foto\/Recht%20am%20Bild.pdf\" target=\"_blank\" rel=\"noopener noreferrer\">Recht am Bild (pdf)<\/a><br \/>\n<a href=\"https:\/\/trueprojekte.com\/foto\/datenschutzerklaerung\/\" target=\"_blank\" rel=\"noopener noreferrer\"><span>Datenschutzerkl\u00e4rung <\/span><\/a><a title=\"viewbug photo contests\" href=\"https:\/\/www.viewbug.com\/member\/TruePhotos\"><img decoding=\"async\" class=\"aligncenter\" style=\"width: 50px;\" src=\"https:\/\/www.viewbug.com\/media\/images\/layout\/badges\/fantastic.png\" alt=\"viewbug photo contests\" \/><\/a><\/p>\n","protected":false},"excerpt":{"rendered":"<p>Bildgestaltung f\u00fcr Fortgeschrittene entstand aus Bildern im Fundus von True Photo f\u00fcr den Fotoclub Baar Inwil (FOBI) Lichtgestaltung f\u00fcr Fortgeschrittene: Riesendank an Darleen Pfister vom\u00a0Generationentandem, sehr begabt als Model und Kritikerin; Daniel Br\u00e4ndli, dem bekannten Fotografen danbrandlee.ch \u00a0 der die die Situationsbilder machte sowie dem Generationentandem\u00a0\u00a0f\u00fcr Raum und Lampen [wpdatatable id=1 table_view=regular] Anleitung Gebrauch Gallery\u00a0\u00a0Bild [&hellip;]<\/p>\n","protected":false},"author":2,"featured_media":0,"parent":0,"menu_order":0,"comment_status":"closed","ping_status":"closed","template":"","meta":{"_editorskit_title_hidden":false,"_editorskit_reading_time":0,"_editorskit_is_block_options_detached":false,"_editorskit_block_options_position":"{}","_coblocks_attr":"","_coblocks_dimensions":"","_coblocks_responsive_height":"","_coblocks_accordion_ie_support":"","footnotes":""},"class_list":["post-8163","page","type-page","status-publish","hentry","content-columns-1"],"yoast_head":"<!-- This site is optimized with the Yoast SEO plugin v27.4 - https:\/\/yoast.com\/product\/yoast-seo-wordpress\/ -->\n<title>Fotografie f\u00fcr Fortgeschrittene - Emotionale Portr\u00e4ts, originelle Wandbilder<\/title>\n<meta name=\"robots\" content=\"index, follow, max-snippet:-1, max-image-preview:large, max-video-preview:-1\" \/>\n<link rel=\"canonical\" href=\"https:\/\/trueprojekte.com\/foto\/fotografie_fortgeschrittene\/\" \/>\n<meta property=\"og:locale\" content=\"de_DE\" \/>\n<meta property=\"og:type\" content=\"article\" \/>\n<meta property=\"og:title\" content=\"Fotografie f\u00fcr Fortgeschrittene - Emotionale Portr\u00e4ts, originelle Wandbilder\" \/>\n<meta property=\"og:description\" content=\"Bildgestaltung f\u00fcr Fortgeschrittene entstand aus Bildern im Fundus von True Photo f\u00fcr den Fotoclub Baar Inwil (FOBI) Lichtgestaltung f\u00fcr Fortgeschrittene: Riesendank an Darleen Pfister vom\u00a0Generationentandem, sehr begabt als Model und Kritikerin; Daniel Br\u00e4ndli, dem bekannten Fotografen danbrandlee.ch \u00a0 der die die Situationsbilder machte sowie dem Generationentandem\u00a0\u00a0f\u00fcr Raum und Lampen [wpdatatable id=1 table_view=regular] Anleitung Gebrauch Gallery\u00a0\u00a0Bild [&hellip;]\" \/>\n<meta property=\"og:url\" content=\"https:\/\/trueprojekte.com\/foto\/fotografie_fortgeschrittene\/\" \/>\n<meta property=\"og:site_name\" content=\"Emotionale Portr\u00e4ts, originelle Wandbilder\" \/>\n<meta property=\"article:publisher\" content=\"https:\/\/www.facebook.com\/true3715\" \/>\n<meta property=\"article:modified_time\" content=\"2023-06-22T15:26:45+00:00\" \/>\n<meta property=\"og:image\" content=\"https:\/\/trueprojekte.com\/foto\/wp-content\/uploads\/retour.png\" \/>\n\t<meta property=\"og:image:width\" content=\"138\" \/>\n\t<meta property=\"og:image:height\" content=\"50\" \/>\n\t<meta property=\"og:image:type\" content=\"image\/png\" \/>\n<script type=\"application\/ld+json\" class=\"yoast-schema-graph\">{\"@context\":\"https:\\\/\\\/schema.org\",\"@graph\":[{\"@type\":\"WebPage\",\"@id\":\"https:\\\/\\\/trueprojekte.com\\\/foto\\\/fotografie_fortgeschrittene\\\/\",\"url\":\"https:\\\/\\\/trueprojekte.com\\\/foto\\\/fotografie_fortgeschrittene\\\/\",\"name\":\"Fotografie f\u00fcr Fortgeschrittene - Emotionale Portr\u00e4ts, originelle Wandbilder\",\"isPartOf\":{\"@id\":\"https:\\\/\\\/trueprojekte.com\\\/foto\\\/#website\"},\"primaryImageOfPage\":{\"@id\":\"https:\\\/\\\/trueprojekte.com\\\/foto\\\/fotografie_fortgeschrittene\\\/#primaryimage\"},\"image\":{\"@id\":\"https:\\\/\\\/trueprojekte.com\\\/foto\\\/fotografie_fortgeschrittene\\\/#primaryimage\"},\"thumbnailUrl\":\"https:\\\/\\\/trueprojekte.com\\\/foto\\\/wp-content\\\/uploads\\\/retour.png\",\"datePublished\":\"2023-06-19T07:38:43+00:00\",\"dateModified\":\"2023-06-22T15:26:45+00:00\",\"breadcrumb\":{\"@id\":\"https:\\\/\\\/trueprojekte.com\\\/foto\\\/fotografie_fortgeschrittene\\\/#breadcrumb\"},\"inLanguage\":\"de\",\"potentialAction\":[{\"@type\":\"ReadAction\",\"target\":[\"https:\\\/\\\/trueprojekte.com\\\/foto\\\/fotografie_fortgeschrittene\\\/\"]}]},{\"@type\":\"ImageObject\",\"inLanguage\":\"de\",\"@id\":\"https:\\\/\\\/trueprojekte.com\\\/foto\\\/fotografie_fortgeschrittene\\\/#primaryimage\",\"url\":\"https:\\\/\\\/trueprojekte.com\\\/foto\\\/wp-content\\\/uploads\\\/retour.png\",\"contentUrl\":\"https:\\\/\\\/trueprojekte.com\\\/foto\\\/wp-content\\\/uploads\\\/retour.png\",\"width\":138,\"height\":50},{\"@type\":\"BreadcrumbList\",\"@id\":\"https:\\\/\\\/trueprojekte.com\\\/foto\\\/fotografie_fortgeschrittene\\\/#breadcrumb\",\"itemListElement\":[{\"@type\":\"ListItem\",\"position\":1,\"name\":\"Startseite\",\"item\":\"https:\\\/\\\/trueprojekte.com\\\/foto\\\/\"},{\"@type\":\"ListItem\",\"position\":2,\"name\":\"Fotografie f\u00fcr Fortgeschrittene\"}]},{\"@type\":\"WebSite\",\"@id\":\"https:\\\/\\\/trueprojekte.com\\\/foto\\\/#website\",\"url\":\"https:\\\/\\\/trueprojekte.com\\\/foto\\\/\",\"name\":\"True Photo\",\"description\":\"Emotionale Portr\u00e4ts, originelle Wandbilder, Bilder wie Sie wollen\",\"publisher\":{\"@id\":\"https:\\\/\\\/trueprojekte.com\\\/foto\\\/#organization\"},\"potentialAction\":[{\"@type\":\"SearchAction\",\"target\":{\"@type\":\"EntryPoint\",\"urlTemplate\":\"https:\\\/\\\/trueprojekte.com\\\/foto\\\/?s={search_term_string}\"},\"query-input\":{\"@type\":\"PropertyValueSpecification\",\"valueRequired\":true,\"valueName\":\"search_term_string\"}}],\"inLanguage\":\"de\"},{\"@type\":\"Organization\",\"@id\":\"https:\\\/\\\/trueprojekte.com\\\/foto\\\/#organization\",\"name\":\"True Photo Zug\",\"url\":\"https:\\\/\\\/trueprojekte.com\\\/foto\\\/\",\"logo\":{\"@type\":\"ImageObject\",\"inLanguage\":\"de\",\"@id\":\"https:\\\/\\\/trueprojekte.com\\\/foto\\\/#\\\/schema\\\/logo\\\/image\\\/\",\"url\":\"https:\\\/\\\/trueprojekte.com\\\/foto\\\/wp-content\\\/uploads\\\/cropped-Dohle_Luzern-105-480x420-Kopie-6.png\",\"contentUrl\":\"https:\\\/\\\/trueprojekte.com\\\/foto\\\/wp-content\\\/uploads\\\/cropped-Dohle_Luzern-105-480x420-Kopie-6.png\",\"width\":512,\"height\":512,\"caption\":\"True Photo Zug\"},\"image\":{\"@id\":\"https:\\\/\\\/trueprojekte.com\\\/foto\\\/#\\\/schema\\\/logo\\\/image\\\/\"},\"sameAs\":[\"https:\\\/\\\/www.facebook.com\\\/true3715\",\"https:\\\/\\\/www.instagram.com\\\/truebilder\"]}]}<\/script>\n<!-- \/ Yoast SEO plugin. -->","yoast_head_json":{"title":"Fotografie f\u00fcr Fortgeschrittene - Emotionale Portr\u00e4ts, originelle Wandbilder","robots":{"index":"index","follow":"follow","max-snippet":"max-snippet:-1","max-image-preview":"max-image-preview:large","max-video-preview":"max-video-preview:-1"},"canonical":"https:\/\/trueprojekte.com\/foto\/fotografie_fortgeschrittene\/","og_locale":"de_DE","og_type":"article","og_title":"Fotografie f\u00fcr Fortgeschrittene - Emotionale Portr\u00e4ts, originelle Wandbilder","og_description":"Bildgestaltung f\u00fcr Fortgeschrittene entstand aus Bildern im Fundus von True Photo f\u00fcr den Fotoclub Baar Inwil (FOBI) Lichtgestaltung f\u00fcr Fortgeschrittene: Riesendank an Darleen Pfister vom\u00a0Generationentandem, sehr begabt als Model und Kritikerin; Daniel Br\u00e4ndli, dem bekannten Fotografen danbrandlee.ch \u00a0 der die die Situationsbilder machte sowie dem Generationentandem\u00a0\u00a0f\u00fcr Raum und Lampen [wpdatatable id=1 table_view=regular] Anleitung Gebrauch Gallery\u00a0\u00a0Bild [&hellip;]","og_url":"https:\/\/trueprojekte.com\/foto\/fotografie_fortgeschrittene\/","og_site_name":"Emotionale Portr\u00e4ts, originelle Wandbilder","article_publisher":"https:\/\/www.facebook.com\/true3715","article_modified_time":"2023-06-22T15:26:45+00:00","og_image":[{"width":138,"height":50,"url":"https:\/\/trueprojekte.com\/foto\/wp-content\/uploads\/retour.png","type":"image\/png"}],"schema":{"@context":"https:\/\/schema.org","@graph":[{"@type":"WebPage","@id":"https:\/\/trueprojekte.com\/foto\/fotografie_fortgeschrittene\/","url":"https:\/\/trueprojekte.com\/foto\/fotografie_fortgeschrittene\/","name":"Fotografie f\u00fcr Fortgeschrittene - Emotionale Portr\u00e4ts, originelle Wandbilder","isPartOf":{"@id":"https:\/\/trueprojekte.com\/foto\/#website"},"primaryImageOfPage":{"@id":"https:\/\/trueprojekte.com\/foto\/fotografie_fortgeschrittene\/#primaryimage"},"image":{"@id":"https:\/\/trueprojekte.com\/foto\/fotografie_fortgeschrittene\/#primaryimage"},"thumbnailUrl":"https:\/\/trueprojekte.com\/foto\/wp-content\/uploads\/retour.png","datePublished":"2023-06-19T07:38:43+00:00","dateModified":"2023-06-22T15:26:45+00:00","breadcrumb":{"@id":"https:\/\/trueprojekte.com\/foto\/fotografie_fortgeschrittene\/#breadcrumb"},"inLanguage":"de","potentialAction":[{"@type":"ReadAction","target":["https:\/\/trueprojekte.com\/foto\/fotografie_fortgeschrittene\/"]}]},{"@type":"ImageObject","inLanguage":"de","@id":"https:\/\/trueprojekte.com\/foto\/fotografie_fortgeschrittene\/#primaryimage","url":"https:\/\/trueprojekte.com\/foto\/wp-content\/uploads\/retour.png","contentUrl":"https:\/\/trueprojekte.com\/foto\/wp-content\/uploads\/retour.png","width":138,"height":50},{"@type":"BreadcrumbList","@id":"https:\/\/trueprojekte.com\/foto\/fotografie_fortgeschrittene\/#breadcrumb","itemListElement":[{"@type":"ListItem","position":1,"name":"Startseite","item":"https:\/\/trueprojekte.com\/foto\/"},{"@type":"ListItem","position":2,"name":"Fotografie f\u00fcr Fortgeschrittene"}]},{"@type":"WebSite","@id":"https:\/\/trueprojekte.com\/foto\/#website","url":"https:\/\/trueprojekte.com\/foto\/","name":"True Photo","description":"Emotionale Portr\u00e4ts, originelle Wandbilder, Bilder wie Sie wollen","publisher":{"@id":"https:\/\/trueprojekte.com\/foto\/#organization"},"potentialAction":[{"@type":"SearchAction","target":{"@type":"EntryPoint","urlTemplate":"https:\/\/trueprojekte.com\/foto\/?s={search_term_string}"},"query-input":{"@type":"PropertyValueSpecification","valueRequired":true,"valueName":"search_term_string"}}],"inLanguage":"de"},{"@type":"Organization","@id":"https:\/\/trueprojekte.com\/foto\/#organization","name":"True Photo Zug","url":"https:\/\/trueprojekte.com\/foto\/","logo":{"@type":"ImageObject","inLanguage":"de","@id":"https:\/\/trueprojekte.com\/foto\/#\/schema\/logo\/image\/","url":"https:\/\/trueprojekte.com\/foto\/wp-content\/uploads\/cropped-Dohle_Luzern-105-480x420-Kopie-6.png","contentUrl":"https:\/\/trueprojekte.com\/foto\/wp-content\/uploads\/cropped-Dohle_Luzern-105-480x420-Kopie-6.png","width":512,"height":512,"caption":"True Photo Zug"},"image":{"@id":"https:\/\/trueprojekte.com\/foto\/#\/schema\/logo\/image\/"},"sameAs":["https:\/\/www.facebook.com\/true3715","https:\/\/www.instagram.com\/truebilder"]}]}},"_links":{"self":[{"href":"https:\/\/trueprojekte.com\/foto\/wp-json\/wp\/v2\/pages\/8163","targetHints":{"allow":["GET"]}}],"collection":[{"href":"https:\/\/trueprojekte.com\/foto\/wp-json\/wp\/v2\/pages"}],"about":[{"href":"https:\/\/trueprojekte.com\/foto\/wp-json\/wp\/v2\/types\/page"}],"author":[{"embeddable":true,"href":"https:\/\/trueprojekte.com\/foto\/wp-json\/wp\/v2\/users\/2"}],"replies":[{"embeddable":true,"href":"https:\/\/trueprojekte.com\/foto\/wp-json\/wp\/v2\/comments?post=8163"}],"version-history":[{"count":0,"href":"https:\/\/trueprojekte.com\/foto\/wp-json\/wp\/v2\/pages\/8163\/revisions"}],"wp:attachment":[{"href":"https:\/\/trueprojekte.com\/foto\/wp-json\/wp\/v2\/media?parent=8163"}],"curies":[{"name":"wp","href":"https:\/\/api.w.org\/{rel}","templated":true}]}}