{"id":7377,"date":"2022-05-31T17:19:41","date_gmt":"2022-05-31T15:19:41","guid":{"rendered":"https:\/\/trueprojekte.com\/foto\/?page_id=7377"},"modified":"2026-01-20T13:52:33","modified_gmt":"2026-01-20T12:52:33","slug":"disclaimer","status":"publish","type":"page","link":"https:\/\/trueprojekte.com\/foto\/disclaimer\/","title":{"rendered":"Impressum &#038; AGB"},"content":{"rendered":"<div style=\"background-color: #000000 !important; color: #ffffff !important; font-family: Arial, sans-serif; padding: 5px 20px 20px 20px; margin: 0; font-size: 20px;\">\n<p style=\"text-align: left; margin-top: 5px; color: #ffffff !important;\">Die Inhalte der Webseite werden mit gr\u00f6\u00dfter Sorgfalt erstellt. Dennoch kann keine Garantie f\u00fcr Aktualit\u00e4t und Vollst\u00e4ndigkeit \u00fcbernommen werden.<\/p>\n<h2 style=\"margin-top: 10px; margin-bottom: 10px; color: #ffffff !important;\">Kontaktadresse<\/h2>\n<p style=\"color: #ffffff !important;\"><strong style=\"color: #ffffff !important;\">Thomas Rubin<\/strong><br \/>\nTrueprojekte<br \/>\nHaldenstrasse 8<br \/>\n6300 Zug<br \/>\nSchweiz<\/p>\n<p style=\"color: #ffffff !important;\">E-Mail: Th-rubin@bluewin.ch<br \/>\n<strong style=\"color: #ffffff !important;\">Telefon:<\/strong> +41 079 444 67 74<br \/>\n<strong style=\"color: #ffffff !important;\">Website:<\/strong> <a style=\"color: #ffffff !important; text-decoration: underline; font-weight: normal;\" href=\"https:\/\/trueprojekte.com\">https:\/\/trueprojekte.com<\/a><\/p>\n<h2 style=\"margin-top: 10px; margin-bottom: 10px; color: #ffffff !important;\">Vertretungsberechtigte Person<\/h2>\n<p style=\"margin-top: 10px; margin-bottom: 10px; color: #ffffff !important;\">Thomas Rubin, Inhaber<\/p>\n<div style=\"background-color: #000000; color: #ffffff; padding: 40px; line-height: 1.6;\">\n<h1 style=\"color: #ffffff;\">Allgemeine Gesch\u00e4ftsbedingungen (AGB) von Trueprojekte.com<\/h1>\n<h2 style=\"color: #ffffff;\">1. Geltungsbereich<\/h2>\n<p style=\"color: #ffffff;\">Diese Allgemeinen Gesch\u00e4ftsbedingungen (nachfolgend &#8222;AGB&#8220;) gelten f\u00fcr s\u00e4mtliche Dienstleistungen und Produkte, die \u00fcber die Webseite <strong>Trueprojekte.com<\/strong> (nachfolgend &#8222;Anbieter&#8220;) erbracht werden. Mit der Nutzung der Webseite oder der Bestellung von Dienstleistungen erkl\u00e4rt sich der Nutzer (nachfolgend &#8222;Kunde&#8220;) mit diesen AGB einverstanden.<\/p>\n<h2 style=\"color: #ffffff;\">2. Vertragsabschluss<\/h2>\n<p style=\"color: #ffffff;\">Ein Vertrag kommt zustande, wenn der Anbieter die Bestellung des Kunden (per E-Mail oder durch Bereitstellung der Dienstleistung) best\u00e4tigt oder wenn der Kunde ein spezifisches Angebot des Anbieters annimmt.<\/p>\n<h2 style=\"color: #ffffff;\">3. Leistungen und Preise<\/h2>\n<ul style=\"color: #ffffff;\">\n<li>Alle Preise verstehen sich in Schweizer Franken (CHF), sofern nicht anders angegeben.<\/li>\n<li>Der Anbieter beh\u00e4lt sich das Recht vor, Preise und Leistungsbeschreibungen jederzeit zu \u00e4ndern.<\/li>\n<li>Die Mehrwertsteuer wird, sofern das Unternehmen MWST-pflichtig ist, separat ausgewiesen.<\/li>\n<\/ul>\n<h2 style=\"color: #ffffff;\">4. Zahlungsbedingungen<\/h2>\n<p style=\"color: #ffffff;\">Zahlungen sind sofort mit der angebotenen elektronischen Zahlungsm\u00f6glichkeit oder innerhalb der auf der Rechnung angegebenen Frist auf das angegebene Bankkonto innert zehn Tagen zu leisten. Bei Zahlungsverzug ist der Anbieter berechtigt, die erbrachte Leistung einzustellen oder vom Vertrag zur\u00fcckzutreten. Es k\u00f6nnen Mahngeb\u00fchren und Verzugszinsen gem\u00e4ss Schweizer Recht geltend gemacht werden.<\/p>\n<h2 style=\"color: #ffffff;\">5. Haftungsausschluss<\/h2>\n<ul style=\"color: #ffffff;\">\n<li>Die Haftung f\u00fcr leichte Fahrl\u00e4ssigkeit wird, soweit gesetzlich zul\u00e4ssig (Art. 100 OR), ausgeschlossen.<\/li>\n<li>Der Anbieter haftet nicht f\u00fcr indirekte Sch\u00e4den, Folgesch\u00e4den oder entgangenen Gewinn.<\/li>\n<li>F\u00fcr die Inhalte verlinkter externer Webseiten \u00fcbernimmt der Anbieter keine Verantwortung.<\/li>\n<\/ul>\n<h2 style=\"color: #ffffff;\">6. Urheberrechte<\/h2>\n<p style=\"color: #ffffff;\">S\u00e4mtliche Rechte an den auf Trueprojekte.com ver\u00f6ffentlichten Inhalten (Texte, Grafiken, Layouts, Projekte) liegen beim Anbieter oder den jeweiligen Rechteinhabern. Jede Vervielf\u00e4ltigung oder Weiterverwendung bedarf der schriftlichen Zustimmung.<\/p>\n<h2 style=\"color: #ffffff;\">7. Datenschutz<\/h2>\n<p style=\"color: #ffffff;\">Die Erhebung und Verarbeitung personenbezogener Daten erfolgt gem\u00e4ss den Bestimmungen des Schweizer Datenschutzgesetzes (DSG). Details finden sich in der <a href=\"https:\/\/trueprojekte.com\/foto\/datenschutzerklaerung\/\" target=\"_blank\" rel=\"noopener\">Datenschutzerkl\u00e4rung<\/a>.<\/p>\n<h2 style=\"color: #ffffff;\">8. Widerrufsrecht<\/h2>\n<p style=\"color: #ffffff;\">Im Schweizer Recht existiert kein generelles gesetzliches Widerrufsrecht f\u00fcr den Online-Handel Trueprojekte kann jedoch auf freiwilliger Basis Kulanzl\u00f6sungen anbieten.<\/p>\n<h2 style=\"color: #ffffff;\">9. Schlussbestimmungen und Gerichtsstand<\/h2>\n<ul style=\"color: #ffffff;\">\n<li><span style=\"color: #ffffff;\">\u00c4nderungen dieser AGB erfolgen ausschliesslich auf dieser Seite<\/span><\/li>\n<li><span style=\"color: #ffffff;\">Sollten Teile dieser AGB unwirksam sein, bleibt die G\u00fcltigkeit der \u00fcbrigen Bestimmungen unber\u00fchrt.<\/span><\/li>\n<li><span style=\"color: #ffffff;\"><strong>Anwendbares Recht:<\/strong> Es gilt ausschliesslich Schweizer Recht.<\/span><\/li>\n<li><span style=\"color: #ffffff;\"><strong>Gerichtsstand:<\/strong> Erf\u00fcllungsort und Gerichtsstand ist Zug (sofern kein zwingender Konsumentengerichtsstand vorliegt).<\/span><\/li>\n<\/ul>\n<\/div>\n<\/div>\n<p>&nbsp;<\/p>\n<div style=\"background-color: #000000 !important; color: #ffffff !important; font-family: Arial, sans-serif; padding: 5px 20px 20px 20px; margin: 0; font-size: 20px;\">\n<p style=\"text-align: center; font-size: 10pt; color: #ffffff !important;\">\u00a9 Trueprojekte, Thomas Rubin, Haldenstrasse 8, CH 6300 Zug<\/p>\n<\/div>\n","protected":false},"excerpt":{"rendered":"<p>Die Inhalte der Webseite werden mit gr\u00f6\u00dfter Sorgfalt erstellt. Dennoch kann keine Garantie f\u00fcr Aktualit\u00e4t und Vollst\u00e4ndigkeit \u00fcbernommen werden. Kontaktadresse Thomas Rubin Trueprojekte Haldenstrasse 8 6300 Zug Schweiz E-Mail: Th-rubin@bluewin.ch Telefon: +41 079 444 67 74 Website: https:\/\/trueprojekte.com Vertretungsberechtigte Person Thomas Rubin, Inhaber Allgemeine Gesch\u00e4ftsbedingungen (AGB) von Trueprojekte.com 1. Geltungsbereich Diese Allgemeinen Gesch\u00e4ftsbedingungen (nachfolgend &#8222;AGB&#8220;) [&hellip;]<\/p>\n","protected":false},"author":2,"featured_media":0,"parent":0,"menu_order":0,"comment_status":"closed","ping_status":"closed","template":"","meta":{"_editorskit_title_hidden":false,"_editorskit_reading_time":0,"_editorskit_is_block_options_detached":false,"_editorskit_block_options_position":"{}","_coblocks_attr":"","_coblocks_dimensions":"","_coblocks_responsive_height":"","_coblocks_accordion_ie_support":"","footnotes":""},"class_list":["post-7377","page","type-page","status-publish","hentry","content-columns-1"],"yoast_head":"<!-- This site is optimized with the Yoast SEO plugin v27.5 - https:\/\/yoast.com\/product\/yoast-seo-wordpress\/ -->\n<title>Impressum &amp; AGB - Emotionale Portr\u00e4ts, originelle Wandbilder<\/title>\n<meta name=\"robots\" content=\"index, follow, max-snippet:-1, max-image-preview:large, max-video-preview:-1\" \/>\n<link rel=\"canonical\" href=\"https:\/\/trueprojekte.com\/foto\/disclaimer\/\" \/>\n<meta property=\"og:locale\" content=\"de_DE\" \/>\n<meta property=\"og:type\" content=\"article\" \/>\n<meta property=\"og:title\" content=\"Impressum &amp; AGB - Emotionale Portr\u00e4ts, originelle Wandbilder\" \/>\n<meta property=\"og:description\" content=\"Die Inhalte der Webseite werden mit gr\u00f6\u00dfter Sorgfalt erstellt. Dennoch kann keine Garantie f\u00fcr Aktualit\u00e4t und Vollst\u00e4ndigkeit \u00fcbernommen werden. Kontaktadresse Thomas Rubin Trueprojekte Haldenstrasse 8 6300 Zug Schweiz E-Mail: Th-rubin@bluewin.ch Telefon: +41 079 444 67 74 Website: https:\/\/trueprojekte.com Vertretungsberechtigte Person Thomas Rubin, Inhaber Allgemeine Gesch\u00e4ftsbedingungen (AGB) von Trueprojekte.com 1. Geltungsbereich Diese Allgemeinen Gesch\u00e4ftsbedingungen (nachfolgend &#8222;AGB&#8220;) [&hellip;]\" \/>\n<meta property=\"og:url\" content=\"https:\/\/trueprojekte.com\/foto\/disclaimer\/\" \/>\n<meta property=\"og:site_name\" content=\"Emotionale Portr\u00e4ts, originelle Wandbilder\" \/>\n<meta property=\"article:publisher\" content=\"https:\/\/www.facebook.com\/true3715\" \/>\n<meta property=\"article:modified_time\" content=\"2026-01-20T12:52:33+00:00\" \/>\n<meta name=\"twitter:label1\" content=\"Gesch\u00e4tzte Lesezeit\" \/>\n\t<meta name=\"twitter:data1\" content=\"1\u00a0Minute\" \/>\n<script type=\"application\/ld+json\" class=\"yoast-schema-graph\">{\"@context\":\"https:\\\/\\\/schema.org\",\"@graph\":[{\"@type\":\"WebPage\",\"@id\":\"https:\\\/\\\/trueprojekte.com\\\/foto\\\/disclaimer\\\/\",\"url\":\"https:\\\/\\\/trueprojekte.com\\\/foto\\\/disclaimer\\\/\",\"name\":\"Impressum & AGB - Emotionale Portr\u00e4ts, originelle Wandbilder\",\"isPartOf\":{\"@id\":\"https:\\\/\\\/trueprojekte.com\\\/foto\\\/#website\"},\"datePublished\":\"2022-05-31T15:19:41+00:00\",\"dateModified\":\"2026-01-20T12:52:33+00:00\",\"breadcrumb\":{\"@id\":\"https:\\\/\\\/trueprojekte.com\\\/foto\\\/disclaimer\\\/#breadcrumb\"},\"inLanguage\":\"de\",\"potentialAction\":[{\"@type\":\"ReadAction\",\"target\":[\"https:\\\/\\\/trueprojekte.com\\\/foto\\\/disclaimer\\\/\"]}]},{\"@type\":\"BreadcrumbList\",\"@id\":\"https:\\\/\\\/trueprojekte.com\\\/foto\\\/disclaimer\\\/#breadcrumb\",\"itemListElement\":[{\"@type\":\"ListItem\",\"position\":1,\"name\":\"Startseite\",\"item\":\"https:\\\/\\\/trueprojekte.com\\\/foto\\\/\"},{\"@type\":\"ListItem\",\"position\":2,\"name\":\"Disclaimer\"}]},{\"@type\":\"WebSite\",\"@id\":\"https:\\\/\\\/trueprojekte.com\\\/foto\\\/#website\",\"url\":\"https:\\\/\\\/trueprojekte.com\\\/foto\\\/\",\"name\":\"True Photo\",\"description\":\"Emotionale Portr\u00e4ts, originelle Wandbilder, Bilder wie Sie wollen\",\"publisher\":{\"@id\":\"https:\\\/\\\/trueprojekte.com\\\/foto\\\/#organization\"},\"potentialAction\":[{\"@type\":\"SearchAction\",\"target\":{\"@type\":\"EntryPoint\",\"urlTemplate\":\"https:\\\/\\\/trueprojekte.com\\\/foto\\\/?s={search_term_string}\"},\"query-input\":{\"@type\":\"PropertyValueSpecification\",\"valueRequired\":true,\"valueName\":\"search_term_string\"}}],\"inLanguage\":\"de\"},{\"@type\":\"Organization\",\"@id\":\"https:\\\/\\\/trueprojekte.com\\\/foto\\\/#organization\",\"name\":\"True Photo Zug\",\"url\":\"https:\\\/\\\/trueprojekte.com\\\/foto\\\/\",\"logo\":{\"@type\":\"ImageObject\",\"inLanguage\":\"de\",\"@id\":\"https:\\\/\\\/trueprojekte.com\\\/foto\\\/#\\\/schema\\\/logo\\\/image\\\/\",\"url\":\"https:\\\/\\\/trueprojekte.com\\\/foto\\\/wp-content\\\/uploads\\\/cropped-Dohle_Luzern-105-480x420-Kopie-6.png\",\"contentUrl\":\"https:\\\/\\\/trueprojekte.com\\\/foto\\\/wp-content\\\/uploads\\\/cropped-Dohle_Luzern-105-480x420-Kopie-6.png\",\"width\":512,\"height\":512,\"caption\":\"True Photo Zug\"},\"image\":{\"@id\":\"https:\\\/\\\/trueprojekte.com\\\/foto\\\/#\\\/schema\\\/logo\\\/image\\\/\"},\"sameAs\":[\"https:\\\/\\\/www.facebook.com\\\/true3715\",\"https:\\\/\\\/www.instagram.com\\\/truebilder\"]}]}<\/script>\n<!-- \/ Yoast SEO plugin. -->","yoast_head_json":{"title":"Impressum & AGB - Emotionale Portr\u00e4ts, originelle Wandbilder","robots":{"index":"index","follow":"follow","max-snippet":"max-snippet:-1","max-image-preview":"max-image-preview:large","max-video-preview":"max-video-preview:-1"},"canonical":"https:\/\/trueprojekte.com\/foto\/disclaimer\/","og_locale":"de_DE","og_type":"article","og_title":"Impressum & AGB - Emotionale Portr\u00e4ts, originelle Wandbilder","og_description":"Die Inhalte der Webseite werden mit gr\u00f6\u00dfter Sorgfalt erstellt. Dennoch kann keine Garantie f\u00fcr Aktualit\u00e4t und Vollst\u00e4ndigkeit \u00fcbernommen werden. Kontaktadresse Thomas Rubin Trueprojekte Haldenstrasse 8 6300 Zug Schweiz E-Mail: Th-rubin@bluewin.ch Telefon: +41 079 444 67 74 Website: https:\/\/trueprojekte.com Vertretungsberechtigte Person Thomas Rubin, Inhaber Allgemeine Gesch\u00e4ftsbedingungen (AGB) von Trueprojekte.com 1. Geltungsbereich Diese Allgemeinen Gesch\u00e4ftsbedingungen (nachfolgend &#8222;AGB&#8220;) [&hellip;]","og_url":"https:\/\/trueprojekte.com\/foto\/disclaimer\/","og_site_name":"Emotionale Portr\u00e4ts, originelle Wandbilder","article_publisher":"https:\/\/www.facebook.com\/true3715","article_modified_time":"2026-01-20T12:52:33+00:00","twitter_misc":{"Gesch\u00e4tzte Lesezeit":"1\u00a0Minute"},"schema":{"@context":"https:\/\/schema.org","@graph":[{"@type":"WebPage","@id":"https:\/\/trueprojekte.com\/foto\/disclaimer\/","url":"https:\/\/trueprojekte.com\/foto\/disclaimer\/","name":"Impressum & AGB - Emotionale Portr\u00e4ts, originelle Wandbilder","isPartOf":{"@id":"https:\/\/trueprojekte.com\/foto\/#website"},"datePublished":"2022-05-31T15:19:41+00:00","dateModified":"2026-01-20T12:52:33+00:00","breadcrumb":{"@id":"https:\/\/trueprojekte.com\/foto\/disclaimer\/#breadcrumb"},"inLanguage":"de","potentialAction":[{"@type":"ReadAction","target":["https:\/\/trueprojekte.com\/foto\/disclaimer\/"]}]},{"@type":"BreadcrumbList","@id":"https:\/\/trueprojekte.com\/foto\/disclaimer\/#breadcrumb","itemListElement":[{"@type":"ListItem","position":1,"name":"Startseite","item":"https:\/\/trueprojekte.com\/foto\/"},{"@type":"ListItem","position":2,"name":"Disclaimer"}]},{"@type":"WebSite","@id":"https:\/\/trueprojekte.com\/foto\/#website","url":"https:\/\/trueprojekte.com\/foto\/","name":"True Photo","description":"Emotionale Portr\u00e4ts, originelle Wandbilder, Bilder wie Sie wollen","publisher":{"@id":"https:\/\/trueprojekte.com\/foto\/#organization"},"potentialAction":[{"@type":"SearchAction","target":{"@type":"EntryPoint","urlTemplate":"https:\/\/trueprojekte.com\/foto\/?s={search_term_string}"},"query-input":{"@type":"PropertyValueSpecification","valueRequired":true,"valueName":"search_term_string"}}],"inLanguage":"de"},{"@type":"Organization","@id":"https:\/\/trueprojekte.com\/foto\/#organization","name":"True Photo Zug","url":"https:\/\/trueprojekte.com\/foto\/","logo":{"@type":"ImageObject","inLanguage":"de","@id":"https:\/\/trueprojekte.com\/foto\/#\/schema\/logo\/image\/","url":"https:\/\/trueprojekte.com\/foto\/wp-content\/uploads\/cropped-Dohle_Luzern-105-480x420-Kopie-6.png","contentUrl":"https:\/\/trueprojekte.com\/foto\/wp-content\/uploads\/cropped-Dohle_Luzern-105-480x420-Kopie-6.png","width":512,"height":512,"caption":"True Photo Zug"},"image":{"@id":"https:\/\/trueprojekte.com\/foto\/#\/schema\/logo\/image\/"},"sameAs":["https:\/\/www.facebook.com\/true3715","https:\/\/www.instagram.com\/truebilder"]}]}},"_links":{"self":[{"href":"https:\/\/trueprojekte.com\/foto\/wp-json\/wp\/v2\/pages\/7377","targetHints":{"allow":["GET"]}}],"collection":[{"href":"https:\/\/trueprojekte.com\/foto\/wp-json\/wp\/v2\/pages"}],"about":[{"href":"https:\/\/trueprojekte.com\/foto\/wp-json\/wp\/v2\/types\/page"}],"author":[{"embeddable":true,"href":"https:\/\/trueprojekte.com\/foto\/wp-json\/wp\/v2\/users\/2"}],"replies":[{"embeddable":true,"href":"https:\/\/trueprojekte.com\/foto\/wp-json\/wp\/v2\/comments?post=7377"}],"version-history":[{"count":0,"href":"https:\/\/trueprojekte.com\/foto\/wp-json\/wp\/v2\/pages\/7377\/revisions"}],"wp:attachment":[{"href":"https:\/\/trueprojekte.com\/foto\/wp-json\/wp\/v2\/media?parent=7377"}],"curies":[{"name":"wp","href":"https:\/\/api.w.org\/{rel}","templated":true}]}}