{"id":2458,"date":"2015-05-03T13:57:50","date_gmt":"2015-05-03T11:57:50","guid":{"rendered":"https:\/\/trueprojekte.com\/foto\/?page_id=2458"},"modified":"2025-02-12T12:18:55","modified_gmt":"2025-02-12T11:18:55","slug":"photograph","status":"publish","type":"page","link":"https:\/\/trueprojekte.com\/foto\/photograph\/","title":{"rendered":"Photograph"},"content":{"rendered":"<p><img loading=\"lazy\" decoding=\"async\" class=\" wp-image-2869 alignleft\" src=\"https:\/\/trueprojekte.com\/foto\/wp-content\/uploads\/IMG_7835_2-300x279.jpg\" alt=\"IMG_7835_2\" width=\"327\" height=\"304\" srcset=\"https:\/\/trueprojekte.com\/foto\/wp-content\/uploads\/IMG_7835_2-300x279.jpg 300w, https:\/\/trueprojekte.com\/foto\/wp-content\/uploads\/IMG_7835_2-600x557.jpg 600w, https:\/\/trueprojekte.com\/foto\/wp-content\/uploads\/IMG_7835_2.jpg 800w\" sizes=\"auto, (max-width: 327px) 100vw, 327px\" \/><\/p>\n<p style=\"text-align: left;\"><span style=\"background-color: #000000; color: #ffffff;\">Thomas Rubin ist der Fotograf. Seine Themen sind Actionportr\u00e4ts, Berge, Landschaften, Anl\u00e4sse, Sport und Tiere sowie individuelle Ausbildungen. <\/span><span style=\"background-color: #000000; color: #ffffff;\">Er will die Bilder, die er \u2013 oder auch jemand anders \u2013 sehen. Dies entspricht nicht immer dem, was die Kamera ausspuckt. Es h\u00e4ngt wesentlich von der Stimmung der Beteiligten, der Bildkomposition und den technischen Einstellungen ab.<\/span><\/p>\n<p style=\"text-align: left;\"><span style=\"background-color: #000000; color: #ffffff;\">Er arbeitet mit Pocket-, Bridge- und Systemkameras alle mit Vollformatsensor, mobilem Lichtstudio, Lightroom, Photoshop und weiteren Helfern.<\/span><\/p>\n<p style=\"text-align: left;\"><span style=\"background-color: #000000; color: #ffffff;\">Thomas Rubin steht Ihnen gerne zur Verf\u00fcgung f\u00fcr Bilder und Kurse, wie Sie wollen.<\/span><\/p>\n<p style=\"text-align: left;\"><span style=\"background-color: #000000; color: #ffffff;\">079 444 67 74<\/span><br \/><a href=\"https:\/\/trueprojekte.com\/foto\/kommentare\/\" target=\"_blank\" rel=\"noopener noreferrer\">Kommentare zu den Bildern<\/a><br \/><a href=\"https:\/\/trueprojekte.com\/foto\/bilder-selbst-machen\/\" target=\"_blank\" rel=\"noopener noreferrer\">Kommentare zur Zusammenarbeit<\/a><br \/><a href=\"https:\/\/trueprojekte.com\/foto\/soll-ich-sie-kontaktieren\/\">Soll ich Sie kontaktieren?<\/a><\/p>\n<p><span style=\"background-color: #000000; color: #ffffff;\">Die von mir (Thomas Rubin) eingegebenen Kommentare sind Kopieen von Aussagen, die mich zum Beispiel per email erreichten. Ich habe sie mit Einwilligung der Verfassenden in die Kommentare kopiert.<\/span><\/p>\n\n\n<p>&nbsp;<\/p>\n","protected":false},"excerpt":{"rendered":"<p>Thomas Rubin ist der Fotograf. Seine Themen sind Actionportr\u00e4ts, Berge, Landschaften, Anl\u00e4sse, Sport und Tiere sowie individuelle Ausbildungen. Er will die Bilder, die er \u2013 oder auch jemand anders \u2013 sehen. Dies entspricht nicht immer dem, was die Kamera ausspuckt. Es h\u00e4ngt wesentlich von der Stimmung der Beteiligten, der Bildkomposition und den technischen Einstellungen ab. [&hellip;]<\/p>\n","protected":false},"author":2,"featured_media":0,"parent":0,"menu_order":0,"comment_status":"closed","ping_status":"closed","template":"","meta":{"_editorskit_title_hidden":false,"_editorskit_reading_time":0,"_editorskit_is_block_options_detached":false,"_editorskit_block_options_position":"{}","_coblocks_attr":"","_coblocks_dimensions":"","_coblocks_responsive_height":"","_coblocks_accordion_ie_support":"","footnotes":""},"class_list":["post-2458","page","type-page","status-publish","hentry","content-columns-1"],"yoast_head":"<!-- This site is optimized with the Yoast SEO plugin v27.5 - https:\/\/yoast.com\/product\/yoast-seo-wordpress\/ -->\n<title>Photograph - Emotionale Portr\u00e4ts, originelle Wandbilder<\/title>\n<meta name=\"robots\" content=\"index, follow, max-snippet:-1, max-image-preview:large, max-video-preview:-1\" \/>\n<link rel=\"canonical\" href=\"https:\/\/trueprojekte.com\/foto\/photograph\/\" \/>\n<meta property=\"og:locale\" content=\"de_DE\" \/>\n<meta property=\"og:type\" content=\"article\" \/>\n<meta property=\"og:title\" content=\"Photograph - Emotionale Portr\u00e4ts, originelle Wandbilder\" \/>\n<meta property=\"og:description\" content=\"Thomas Rubin ist der Fotograf. Seine Themen sind Actionportr\u00e4ts, Berge, Landschaften, Anl\u00e4sse, Sport und Tiere sowie individuelle Ausbildungen. Er will die Bilder, die er \u2013 oder auch jemand anders \u2013 sehen. Dies entspricht nicht immer dem, was die Kamera ausspuckt. Es h\u00e4ngt wesentlich von der Stimmung der Beteiligten, der Bildkomposition und den technischen Einstellungen ab. [&hellip;]\" \/>\n<meta property=\"og:url\" content=\"https:\/\/trueprojekte.com\/foto\/photograph\/\" \/>\n<meta property=\"og:site_name\" content=\"Emotionale Portr\u00e4ts, originelle Wandbilder\" \/>\n<meta property=\"article:publisher\" content=\"https:\/\/www.facebook.com\/true3715\" \/>\n<meta property=\"article:modified_time\" content=\"2025-02-12T11:18:55+00:00\" \/>\n<meta property=\"og:image\" content=\"https:\/\/trueprojekte.com\/foto\/wp-content\/uploads\/IMG_7835_2.jpg\" \/>\n\t<meta property=\"og:image:width\" content=\"800\" \/>\n\t<meta property=\"og:image:height\" content=\"743\" \/>\n\t<meta property=\"og:image:type\" content=\"image\/jpeg\" \/>\n<meta name=\"twitter:label1\" content=\"Gesch\u00e4tzte Lesezeit\" \/>\n\t<meta name=\"twitter:data1\" content=\"1\u00a0Minute\" \/>\n<script type=\"application\/ld+json\" class=\"yoast-schema-graph\">{\"@context\":\"https:\\\/\\\/schema.org\",\"@graph\":[{\"@type\":\"WebPage\",\"@id\":\"https:\\\/\\\/trueprojekte.com\\\/foto\\\/photograph\\\/\",\"url\":\"https:\\\/\\\/trueprojekte.com\\\/foto\\\/photograph\\\/\",\"name\":\"Photograph - Emotionale Portr\u00e4ts, originelle Wandbilder\",\"isPartOf\":{\"@id\":\"https:\\\/\\\/trueprojekte.com\\\/foto\\\/#website\"},\"primaryImageOfPage\":{\"@id\":\"https:\\\/\\\/trueprojekte.com\\\/foto\\\/photograph\\\/#primaryimage\"},\"image\":{\"@id\":\"https:\\\/\\\/trueprojekte.com\\\/foto\\\/photograph\\\/#primaryimage\"},\"thumbnailUrl\":\"https:\\\/\\\/trueprojekte.com\\\/foto\\\/wp-content\\\/uploads\\\/IMG_7835_2-300x279.jpg\",\"datePublished\":\"2015-05-03T11:57:50+00:00\",\"dateModified\":\"2025-02-12T11:18:55+00:00\",\"breadcrumb\":{\"@id\":\"https:\\\/\\\/trueprojekte.com\\\/foto\\\/photograph\\\/#breadcrumb\"},\"inLanguage\":\"de\",\"potentialAction\":[{\"@type\":\"ReadAction\",\"target\":[\"https:\\\/\\\/trueprojekte.com\\\/foto\\\/photograph\\\/\"]}]},{\"@type\":\"ImageObject\",\"inLanguage\":\"de\",\"@id\":\"https:\\\/\\\/trueprojekte.com\\\/foto\\\/photograph\\\/#primaryimage\",\"url\":\"https:\\\/\\\/trueprojekte.com\\\/foto\\\/wp-content\\\/uploads\\\/IMG_7835_2.jpg\",\"contentUrl\":\"https:\\\/\\\/trueprojekte.com\\\/foto\\\/wp-content\\\/uploads\\\/IMG_7835_2.jpg\",\"width\":800,\"height\":743},{\"@type\":\"BreadcrumbList\",\"@id\":\"https:\\\/\\\/trueprojekte.com\\\/foto\\\/photograph\\\/#breadcrumb\",\"itemListElement\":[{\"@type\":\"ListItem\",\"position\":1,\"name\":\"Startseite\",\"item\":\"https:\\\/\\\/trueprojekte.com\\\/foto\\\/\"},{\"@type\":\"ListItem\",\"position\":2,\"name\":\"Photograph\"}]},{\"@type\":\"WebSite\",\"@id\":\"https:\\\/\\\/trueprojekte.com\\\/foto\\\/#website\",\"url\":\"https:\\\/\\\/trueprojekte.com\\\/foto\\\/\",\"name\":\"True Photo\",\"description\":\"Emotionale Portr\u00e4ts, originelle Wandbilder, Bilder wie Sie wollen\",\"publisher\":{\"@id\":\"https:\\\/\\\/trueprojekte.com\\\/foto\\\/#organization\"},\"potentialAction\":[{\"@type\":\"SearchAction\",\"target\":{\"@type\":\"EntryPoint\",\"urlTemplate\":\"https:\\\/\\\/trueprojekte.com\\\/foto\\\/?s={search_term_string}\"},\"query-input\":{\"@type\":\"PropertyValueSpecification\",\"valueRequired\":true,\"valueName\":\"search_term_string\"}}],\"inLanguage\":\"de\"},{\"@type\":\"Organization\",\"@id\":\"https:\\\/\\\/trueprojekte.com\\\/foto\\\/#organization\",\"name\":\"True Photo Zug\",\"url\":\"https:\\\/\\\/trueprojekte.com\\\/foto\\\/\",\"logo\":{\"@type\":\"ImageObject\",\"inLanguage\":\"de\",\"@id\":\"https:\\\/\\\/trueprojekte.com\\\/foto\\\/#\\\/schema\\\/logo\\\/image\\\/\",\"url\":\"https:\\\/\\\/trueprojekte.com\\\/foto\\\/wp-content\\\/uploads\\\/cropped-Dohle_Luzern-105-480x420-Kopie-6.png\",\"contentUrl\":\"https:\\\/\\\/trueprojekte.com\\\/foto\\\/wp-content\\\/uploads\\\/cropped-Dohle_Luzern-105-480x420-Kopie-6.png\",\"width\":512,\"height\":512,\"caption\":\"True Photo Zug\"},\"image\":{\"@id\":\"https:\\\/\\\/trueprojekte.com\\\/foto\\\/#\\\/schema\\\/logo\\\/image\\\/\"},\"sameAs\":[\"https:\\\/\\\/www.facebook.com\\\/true3715\",\"https:\\\/\\\/www.instagram.com\\\/truebilder\"]}]}<\/script>\n<!-- \/ Yoast SEO plugin. -->","yoast_head_json":{"title":"Photograph - Emotionale Portr\u00e4ts, originelle Wandbilder","robots":{"index":"index","follow":"follow","max-snippet":"max-snippet:-1","max-image-preview":"max-image-preview:large","max-video-preview":"max-video-preview:-1"},"canonical":"https:\/\/trueprojekte.com\/foto\/photograph\/","og_locale":"de_DE","og_type":"article","og_title":"Photograph - Emotionale Portr\u00e4ts, originelle Wandbilder","og_description":"Thomas Rubin ist der Fotograf. Seine Themen sind Actionportr\u00e4ts, Berge, Landschaften, Anl\u00e4sse, Sport und Tiere sowie individuelle Ausbildungen. Er will die Bilder, die er \u2013 oder auch jemand anders \u2013 sehen. Dies entspricht nicht immer dem, was die Kamera ausspuckt. Es h\u00e4ngt wesentlich von der Stimmung der Beteiligten, der Bildkomposition und den technischen Einstellungen ab. [&hellip;]","og_url":"https:\/\/trueprojekte.com\/foto\/photograph\/","og_site_name":"Emotionale Portr\u00e4ts, originelle Wandbilder","article_publisher":"https:\/\/www.facebook.com\/true3715","article_modified_time":"2025-02-12T11:18:55+00:00","og_image":[{"width":800,"height":743,"url":"https:\/\/trueprojekte.com\/foto\/wp-content\/uploads\/IMG_7835_2.jpg","type":"image\/jpeg"}],"twitter_misc":{"Gesch\u00e4tzte Lesezeit":"1\u00a0Minute"},"schema":{"@context":"https:\/\/schema.org","@graph":[{"@type":"WebPage","@id":"https:\/\/trueprojekte.com\/foto\/photograph\/","url":"https:\/\/trueprojekte.com\/foto\/photograph\/","name":"Photograph - Emotionale Portr\u00e4ts, originelle Wandbilder","isPartOf":{"@id":"https:\/\/trueprojekte.com\/foto\/#website"},"primaryImageOfPage":{"@id":"https:\/\/trueprojekte.com\/foto\/photograph\/#primaryimage"},"image":{"@id":"https:\/\/trueprojekte.com\/foto\/photograph\/#primaryimage"},"thumbnailUrl":"https:\/\/trueprojekte.com\/foto\/wp-content\/uploads\/IMG_7835_2-300x279.jpg","datePublished":"2015-05-03T11:57:50+00:00","dateModified":"2025-02-12T11:18:55+00:00","breadcrumb":{"@id":"https:\/\/trueprojekte.com\/foto\/photograph\/#breadcrumb"},"inLanguage":"de","potentialAction":[{"@type":"ReadAction","target":["https:\/\/trueprojekte.com\/foto\/photograph\/"]}]},{"@type":"ImageObject","inLanguage":"de","@id":"https:\/\/trueprojekte.com\/foto\/photograph\/#primaryimage","url":"https:\/\/trueprojekte.com\/foto\/wp-content\/uploads\/IMG_7835_2.jpg","contentUrl":"https:\/\/trueprojekte.com\/foto\/wp-content\/uploads\/IMG_7835_2.jpg","width":800,"height":743},{"@type":"BreadcrumbList","@id":"https:\/\/trueprojekte.com\/foto\/photograph\/#breadcrumb","itemListElement":[{"@type":"ListItem","position":1,"name":"Startseite","item":"https:\/\/trueprojekte.com\/foto\/"},{"@type":"ListItem","position":2,"name":"Photograph"}]},{"@type":"WebSite","@id":"https:\/\/trueprojekte.com\/foto\/#website","url":"https:\/\/trueprojekte.com\/foto\/","name":"True Photo","description":"Emotionale Portr\u00e4ts, originelle Wandbilder, Bilder wie Sie wollen","publisher":{"@id":"https:\/\/trueprojekte.com\/foto\/#organization"},"potentialAction":[{"@type":"SearchAction","target":{"@type":"EntryPoint","urlTemplate":"https:\/\/trueprojekte.com\/foto\/?s={search_term_string}"},"query-input":{"@type":"PropertyValueSpecification","valueRequired":true,"valueName":"search_term_string"}}],"inLanguage":"de"},{"@type":"Organization","@id":"https:\/\/trueprojekte.com\/foto\/#organization","name":"True Photo Zug","url":"https:\/\/trueprojekte.com\/foto\/","logo":{"@type":"ImageObject","inLanguage":"de","@id":"https:\/\/trueprojekte.com\/foto\/#\/schema\/logo\/image\/","url":"https:\/\/trueprojekte.com\/foto\/wp-content\/uploads\/cropped-Dohle_Luzern-105-480x420-Kopie-6.png","contentUrl":"https:\/\/trueprojekte.com\/foto\/wp-content\/uploads\/cropped-Dohle_Luzern-105-480x420-Kopie-6.png","width":512,"height":512,"caption":"True Photo Zug"},"image":{"@id":"https:\/\/trueprojekte.com\/foto\/#\/schema\/logo\/image\/"},"sameAs":["https:\/\/www.facebook.com\/true3715","https:\/\/www.instagram.com\/truebilder"]}]}},"_links":{"self":[{"href":"https:\/\/trueprojekte.com\/foto\/wp-json\/wp\/v2\/pages\/2458","targetHints":{"allow":["GET"]}}],"collection":[{"href":"https:\/\/trueprojekte.com\/foto\/wp-json\/wp\/v2\/pages"}],"about":[{"href":"https:\/\/trueprojekte.com\/foto\/wp-json\/wp\/v2\/types\/page"}],"author":[{"embeddable":true,"href":"https:\/\/trueprojekte.com\/foto\/wp-json\/wp\/v2\/users\/2"}],"replies":[{"embeddable":true,"href":"https:\/\/trueprojekte.com\/foto\/wp-json\/wp\/v2\/comments?post=2458"}],"version-history":[{"count":0,"href":"https:\/\/trueprojekte.com\/foto\/wp-json\/wp\/v2\/pages\/2458\/revisions"}],"wp:attachment":[{"href":"https:\/\/trueprojekte.com\/foto\/wp-json\/wp\/v2\/media?parent=2458"}],"curies":[{"name":"wp","href":"https:\/\/api.w.org\/{rel}","templated":true}]}}

<p><img loading="lazy" decoding="async" class=" wp-image-2869 alignleft" src="https://trueprojekte.com/foto/wp-content/uploads/IMG_7835_2-300x279.jpg" alt="IMG_7835_2" width="327" height="304" srcset="https://trueprojekte.com/foto/wp-content/uploads/IMG_7835_2-300x279.jpg 300w, https://trueprojekte.com/foto/wp-content/uploads/IMG_7835_2-600x557.jpg 600w, https://trueprojekte.com/foto/wp-content/uploads/IMG_7835_2.jpg 800w" sizes="auto, (max-width: 327px) 100vw, 327px" /></p>
<p style="text-align: left;"><span style="background-color: #000000; color: #ffffff;">Thomas Rubin ist der Fotograf. Seine Themen sind Actionporträts, Berge, Landschaften, Anlässe, Sport und Tiere sowie individuelle Ausbildungen. </span><span style="background-color: #000000; color: #ffffff;">Er will die Bilder, die er – oder auch jemand anders – sehen. Dies entspricht nicht immer dem, was die Kamera ausspuckt. Es hängt wesentlich von der Stimmung der Beteiligten, der Bildkomposition und den technischen Einstellungen ab.</span></p>
<p style="text-align: left;"><span style="background-color: #000000; color: #ffffff;">Er arbeitet mit Pocket-, Bridge- und Systemkameras alle mit Vollformatsensor, mobilem Lichtstudio, Lightroom, Photoshop und weiteren Helfern.</span></p>
<p style="text-align: left;"><span style="background-color: #000000; color: #ffffff;">Thomas Rubin steht Ihnen gerne zur Verfügung für Bilder und Kurse, wie Sie wollen.</span></p>
<p style="text-align: left;"><span style="background-color: #000000; color: #ffffff;">079 444 67 74</span><br /><a href="https://trueprojekte.com/foto/kommentare/" target="_blank" rel="noopener noreferrer">Kommentare zu den Bildern</a><br /><a href="https://trueprojekte.com/foto/bilder-selbst-machen/" target="_blank" rel="noopener noreferrer">Kommentare zur Zusammenarbeit</a><br /><a href="https://trueprojekte.com/foto/soll-ich-sie-kontaktieren/">Soll ich Sie kontaktieren?</a></p>
<p><span style="background-color: #000000; color: #ffffff;">Die von mir (Thomas Rubin) eingegebenen Kommentare sind Kopieen von Aussagen, die mich zum Beispiel per email erreichten. Ich habe sie mit Einwilligung der Verfassenden in die Kommentare kopiert.</span></p>


<p>&nbsp;</p>

<p>Thomas Rubin ist der Fotograf. Seine Themen sind Actionporträts, Berge, Landschaften, Anlässe, Sport und Tiere sowie individuelle Ausbildungen. Er will die Bilder, die er – oder auch jemand anders – sehen. Dies entspricht nicht immer dem, was die Kamera ausspuckt. Es hängt wesentlich von der Stimmung der Beteiligten, der Bildkomposition und den technischen Einstellungen ab. [&hellip;]</p>

<!-- This site is optimized with the Yoast SEO plugin v27.5 - https://yoast.com/product/yoast-seo-wordpress/ -->
<title>Photograph - Emotionale Porträts, originelle Wandbilder</title>
<meta name="robots" content="index, follow, max-snippet:-1, max-image-preview:large, max-video-preview:-1" />
<link rel="canonical" href="https://trueprojekte.com/foto/photograph/" />
<meta property="og:locale" content="de_DE" />
<meta property="og:type" content="article" />
<meta property="og:title" content="Photograph - Emotionale Porträts, originelle Wandbilder" />
<meta property="og:description" content="Thomas Rubin ist der Fotograf. Seine Themen sind Actionporträts, Berge, Landschaften, Anlässe, Sport und Tiere sowie individuelle Ausbildungen. Er will die Bilder, die er – oder auch jemand anders – sehen. Dies entspricht nicht immer dem, was die Kamera ausspuckt. Es hängt wesentlich von der Stimmung der Beteiligten, der Bildkomposition und den technischen Einstellungen ab. [&hellip;]" />
<meta property="og:url" content="https://trueprojekte.com/foto/photograph/" />
<meta property="og:site_name" content="Emotionale Porträts, originelle Wandbilder" />
<meta property="article:publisher" content="https://www.facebook.com/true3715" />
<meta property="article:modified_time" content="2025-02-12T11:18:55+00:00" />
<meta property="og:image" content="https://trueprojekte.com/foto/wp-content/uploads/IMG_7835_2.jpg" />
	<meta property="og:image:width" content="800" />
	<meta property="og:image:height" content="743" />
	<meta property="og:image:type" content="image/jpeg" />
<meta name="twitter:label1" content="Geschätzte Lesezeit" />
	<meta name="twitter:data1" content="1 Minute" />
<script type="application/ld+json" class="yoast-schema-graph">{"@context":"https:\/\/schema.org","@graph":[{"@type":"WebPage","@id":"https:\/\/trueprojekte.com\/foto\/photograph\/","url":"https:\/\/trueprojekte.com\/foto\/photograph\/","name":"Photograph - Emotionale Porträts, originelle Wandbilder","isPartOf":{"@id":"https:\/\/trueprojekte.com\/foto\/#website"},"primaryImageOfPage":{"@id":"https:\/\/trueprojekte.com\/foto\/photograph\/#primaryimage"},"image":{"@id":"https:\/\/trueprojekte.com\/foto\/photograph\/#primaryimage"},"thumbnailUrl":"https:\/\/trueprojekte.com\/foto\/wp-content\/uploads\/IMG_7835_2-300x279.jpg","datePublished":"2015-05-03T11:57:50+00:00","dateModified":"2025-02-12T11:18:55+00:00","breadcrumb":{"@id":"https:\/\/trueprojekte.com\/foto\/photograph\/#breadcrumb"},"inLanguage":"de","potentialAction":[{"@type":"ReadAction","target":["https:\/\/trueprojekte.com\/foto\/photograph\/"]}]},{"@type":"ImageObject","inLanguage":"de","@id":"https:\/\/trueprojekte.com\/foto\/photograph\/#primaryimage","url":"https:\/\/trueprojekte.com\/foto\/wp-content\/uploads\/IMG_7835_2.jpg","contentUrl":"https:\/\/trueprojekte.com\/foto\/wp-content\/uploads\/IMG_7835_2.jpg","width":800,"height":743},{"@type":"BreadcrumbList","@id":"https:\/\/trueprojekte.com\/foto\/photograph\/#breadcrumb","itemListElement":[{"@type":"ListItem","position":1,"name":"Startseite","item":"https:\/\/trueprojekte.com\/foto\/"},{"@type":"ListItem","position":2,"name":"Photograph"}]},{"@type":"WebSite","@id":"https:\/\/trueprojekte.com\/foto\/#website","url":"https:\/\/trueprojekte.com\/foto\/","name":"True Photo","description":"Emotionale Porträts, originelle Wandbilder, Bilder wie Sie wollen","publisher":{"@id":"https:\/\/trueprojekte.com\/foto\/#organization"},"potentialAction":[{"@type":"SearchAction","target":{"@type":"EntryPoint","urlTemplate":"https:\/\/trueprojekte.com\/foto\/?s={search_term_string}"},"query-input":{"@type":"PropertyValueSpecification","valueRequired":true,"valueName":"search_term_string"}}],"inLanguage":"de"},{"@type":"Organization","@id":"https:\/\/trueprojekte.com\/foto\/#organization","name":"True Photo Zug","url":"https:\/\/trueprojekte.com\/foto\/","logo":{"@type":"ImageObject","inLanguage":"de","@id":"https:\/\/trueprojekte.com\/foto\/#\/schema\/logo\/image\/","url":"https:\/\/trueprojekte.com\/foto\/wp-content\/uploads\/cropped-Dohle_Luzern-105-480x420-Kopie-6.png","contentUrl":"https:\/\/trueprojekte.com\/foto\/wp-content\/uploads\/cropped-Dohle_Luzern-105-480x420-Kopie-6.png","width":512,"height":512,"caption":"True Photo Zug"},"image":{"@id":"https:\/\/trueprojekte.com\/foto\/#\/schema\/logo\/image\/"},"sameAs":["https:\/\/www.facebook.com\/true3715","https:\/\/www.instagram.com\/truebilder"]}]}</script>
<!-- / Yoast SEO plugin. -->

Photograph - Emotionale Porträts, originelle Wandbilder

Thomas Rubin ist der Fotograf. Seine Themen sind Actionporträts, Berge, Landschaften, Anlässe, Sport und Tiere sowie individuelle Ausbildungen. Er will die Bilder, die er – oder auch jemand anders – sehen. Dies entspricht nicht immer dem, was die Kamera ausspuckt. Es hängt wesentlich von der Stimmung der Beteiligten, der Bildkomposition und den technischen Einstellungen ab. [&hellip;]

Emotionale Porträts, originelle Wandbilder

Emotionale Porträts, originelle Wandbilder, Bilder wie Sie wollen
